?
True
Does 93 divide 12058008?
True
Does 66 divide 772992?
True
Is 4821743 a multiple of 301?
False
Is 49906 a multiple of 35?
False
Does 853 divide 5718968?
False
Is 5850899 a multiple of 76?
False
Is 83311 a multiple of 4?
False
Does 852 divide 2814156?
True
Does 109 divide 342991?
False
Does 60 divide 9958055?
False
Is 26231 a multiple of 16?
False
Is 3652600 a multiple of 280?
True
Is 755 a factor of 34730?
True
Is 13 a factor of 11051989?
True
Is 703638 a multiple of 9?
True
Does 19 divide 14859469?
False
Is 103 a factor of 3779153?
False
Does 468 divide 87984?
True
Is 123 a factor of 1742514?
False
Does 96 divide 3769504?
False
Does 17 divide 3203624?
False
Does 17 divide 232690?
False
Is 73 a factor of 12599190?
False
Is 150 a factor of 1003298?
False
Does 383 divide 650439?
False
Is 5968546 a multiple of 226?
False
Does 34 divide 1790916?
True
Is 532 a factor of 136724?
True
Does 16 divide 414?
False
Does 869 divide 450142?
True
Does 83 divide 129245?
False
Is 80384 a multiple of 31?
False
Is 28 a factor of 9446616?
False
Is 9094267 a multiple of 15?
False
Does 35 divide 145320?
True
Is 947218 a multiple of 137?
True
Does 143 divide 905762?
True
Does 18 divide 128142?
True
Is 23 a factor of 28677?
False
Is 949752 a multiple of 219?
False
Does 13 divide 25298430?
False
Is 9 a factor of 157411?
False
Is 74900 a multiple of 28?
True
Is 275888 a multiple of 43?
True
Is 1125192 a multiple of 346?
True
Does 27 divide 37191?
False
Does 69 divide 11537436?
False
Does 31 divide 47523?
True
Does 80 divide 121040?
True
Does 237 divide 1005998?
False
Does 530 divide 189740?
True
Is 14 a factor of 109456?
False
Is 25279968 a multiple of 672?
True
Is 10356926 a multiple of 60?
False
Is 6174641 a multiple of 15?
False
Is 393 a factor of 1786578?
True
Does 28 divide 2330656?
False
Is 22 a factor of 854282?
True
Is 3858196 a multiple of 181?
True
Is 907678 a multiple of 16?
False
Is 1467 a factor of 3578013?
True
Does 2 divide 45069?
False
Is 1972620 a multiple of 156?
True
Is 6 a factor of 309446?
False
Is 95336 a multiple of 3?
False
Does 7 divide 73727?
False
Does 10 divide 282020?
True
Is 22 a factor of 1391965?
False
Does 24 divide 73067?
False
Is 25 a factor of 7149786?
False
Is 652 a factor of 1556324?
True
Is 345 a factor of 4409445?
True
Is 35 a factor of 157742?
False
Is 18 a factor of 17088?
False
Does 7 divide 137625?
False
Is 8 a factor of 2055216?
True
Is 4 a factor of 73452?
True
Is 19334956 a multiple of 1413?
False
Is 4820100 a multiple of 75?
True
Does 20 divide 204760?
True
Does 33 divide 261888?
True
Is 56 a factor of 90328?
True
Is 1841980 a multiple of 140?
True
Does 30 divide 2641?
False
Does 36 divide 226080?
True
Is 4406738 a multiple of 22?
False
Is 2 a factor of 84808?
True
Is 197 a factor of 100730?
False
Does 513 divide 644007?
False
Is 27 a factor of 264519?
True
Is 3564 a multiple of 81?
True
Does 467 divide 155044?
True
Does 59 divide 217297?
True
Does 893 divide 2145733?
False
Is 106195 a multiple of 279?
False
Does 90 divide 2229977?
False
Does 41 divide 78554?
False
Is 548 a factor of 1360684?
True
Is 97006 a multiple of 14?
True
Is 590148 a multiple of 13?
True
Does 41 divide 9756692?
False
Is 2002682 a multiple of 29?
True
Is 7 a factor of 156499?
True
Is 66482 a multiple of 26?
True
Is 3831782 a multiple of 366?
False
Is 9159416 a multiple of 12?
False
Does 1305 divide 4434277?
False
Is 46116 a multiple of 7?
True
Does 49 divide 35917?
True
Is 173603 a multiple of 28?
False
Is 9218 a multiple of 272?
False
Is 4560255 a multiple of 45?
True
Is 45 a factor of 125793?
False
Does 511 divide 826170?
False
Is 341300 a multiple of 25?
True
Does 12 divide 2450222?
False
Does 153 divide 870201?
False
Is 7 a factor of 154643?
False
Is 920276 a multiple of 21?
False
Does 12 divide 77844?
True
Is 1964105 a multiple of 65?
True
Does 84 divide 1315188?
True
Is 390 a factor of 1483170?
True
Is 15 a factor of 7100696?
False
Does 58 divide 126327?
False
Does 98 divide 7391944?
True
Is 223221 a multiple of 23?
False
Does 238 divide 328904?
False
Is 78 a factor of 6261138?
True
Is 381 a factor of 2101271?
False
Is 5173875 a multiple of 27?
True
Is 26923203 a multiple of 2859?
True
Is 20 a factor of 73732?
False
Does 91 divide 3058783?
True
Is 804510 a multiple of 18?
True
Is 9898144 a multiple of 16?
True
Is 7658 a multiple of 5?
False
Is 77 a factor of 184472?
False
Does 124 divide 162411?
False
Is 40791505 a multiple of 18?
False
Is 507645 a multiple of 110?
False
Does 11 divide 142450?
True
Is 963928 a multiple of 14?
True
Is 376 a factor of 1991296?
True
Is 18 a factor of 69282?
True
Is 32 a factor of 2674932?
False
Does 1612 divide 1536417?
False
Is 464227 a multiple of 67?
False
Is 377 a factor of 1374181?
False
Does 486 divide 321546?
False
Is 5095 a multiple of 218?
False
Does 28 divide 8894816?
True
Does 275 divide 370150?
True
Is 148 a factor of 7931764?
True
Does 3 divide 14045?
False
Does 122 divide 123416?
False
Does 52 divide 10926792?
False
Is 6 a factor of 1842056?
False
Is 29026 a multiple of 23?
True
Does 130 divide 510900?
True
Does 12 divide 329124?
True
Is 14 a factor of 163457?
False
Is 6776161 a multiple of 45?
False
Is 23 a factor of 1615704?
True
Is 2 a factor of 831?
False
Does 34 divide 76457?
False
Is 141410 a multiple of 31?
False
Does 21 divide 35628?
False
Does 43 divide 1034987?
False
Does 9 divide 44286?
False
Is 331 a factor of 593814?
True
Is 21 a factor of 1027614?
True
Does 12 divide 45012?
True
Is 2659342 a multiple of 8?
False
Is 235639 a multiple of 26?
False
Does 2 divide 587403?
False
Is 4 a factor of 1665520?
True
Does 3 divide 1264185?
True
Is 31967 a multiple of 13?
True
Is 107580 a multiple of 14?
False
Is 278 a factor of 269242?
False
Is 73 a factor of 51465?
True
Does 20 divide 296916?
False
Does 340 divide 3245362?
False
Is 204 a factor of 180719?
False
Does 500 divide 1422500?
True
Is 2 a factor of 2286618?
True
Is 52101 a multiple of 7?
True
Does 6 divide 1360?
False
Is 97096 a multiple of 106?
True
Is 973 a factor of 1231818?
True
Does 460 divide 262200?
True
Does 21 divide 47955?
False
Is 1233 a factor of 4201314?
False
Is 6 a factor of 60834?
True
Does 292 divide 1208004?
True
Is 14 a factor of 5657736?
True
Is 164 a factor of 462152?
True
Is 6 a factor of 688575?
False
Is 4 a factor of 194143?
False
Is 17 a factor of 1272095?
False
Is 4531765 a multiple of 49?
True
Is 15 a factor of 326815?
False
Is 3048608 a multiple of 147?
False
Is 10 a factor of 19670?
True
Is 81046 a multiple of 7?
True
Is 231 a factor of 449183?
False
Does 517 divide 1749528?
True
Is 16984282 a multiple of 14?
True
Does 152 divide 2399168?
True
Does 657 divide 1262754?
True
Does 368 divide 12512?
True
Does 831 divide 4063273?
False
Is 52 a factor of 27424986?
False
Is 7991256 a multiple of 728?
True
Does 704 divide 1341824?
True
Does 13 divide 10345635?
False
Is 6 a factor of 7432350?
True
Is 84929 a multiple of 141?
False
Does 453 divide 6483407?
False
Is 23 a factor of 1502929?
False
Is 14 a factor of 34202392?
True
Is 709 a factor of 29778?
True
Is 7 a factor of 282134?
False
Is 60400 a multiple of 20?
True
Does 117 divide 2268747?
True
Does 21 divide 10901?
False
Is 7560540 a multiple of 39?
True
Does 739 divide 6786237?
True
Does 30 divide 3241050?
True
Is 15839665 a multiple of 607?
True
Is 100704 a multiple of 96?
True
Does 327 divide 353160?
True
Does 63 divide 834372?
True
Is 2165772 a multiple of 644?
True
Is 3129 a multiple of 3?
True
Is 56852 a multiple of 25?
False
Is 325 a factor of 12485850?
True
Does 86 divide 364835?
False
Does 27 divide 930987?
True
Is 165 a factor of 80080?
False
Is 13390 a multiple of 152?
False
Is 37 a factor of 1237057?
False
Does 11 divide 7749186?
False
Is 102673 a multiple of 10?
False
Is 351 a factor of 10700586?
True
Is 5 a factor of 315983?
False
Is 2311242 a multiple of 174?
True
Is 13 a factor of 100934?
False
Does 657 divide 14775418?
False
Is 24 a factor of 155503?
False
Is 69 a factor of 104466?
True
Is 1148 a factor of 3022684?
True
Is 12275930 a multiple of 327?
False
Is 516 a factor of 3241720?
False
Is 776 a factor of 727888?
True
Is 651 a factor of 419244?
True
Is 45567 a multiple of 95?
False
Is 588393 even?
False
Does 204 divide 859963?
False
Is